3 + 2*g**2 - 2*g + 3. Let i be d(-3). Let k be l(i). Suppose -y + 5*y = k. What is the units digit of y?
6
Let x(n) = 3*n**2 + 5*n - 7. Let d be x(2). Suppose 0 = 13*m - d*m + 176. What is the units digit of m?
8
Let w = -23 + 214. What is the hundreds digit of w?
1
Let u(d) = 244*d**2 + 20*d. What is the thousands digit of u(3)?
2
Let g be ((-2 - 1) + 1)*-148. Suppose q = -3*q + g. What is the tens digit of q?
7
Suppose 3*k = 4*m - 0*m - 1244, m - 306 = 2*k. What is the tens digit of m?
1
Let n be ((474*1)/2)/3. Suppose -n = -5*o - 4. What is the units digit of o?
5
Let p(b) be the third derivative of 1/3*b**3 + 0 + 1/12*b**5 + 0*b + 1/120*b**6 + 1/6*b**4 - 5*b**2. What is the units digit of p(-4)?
2
Let s(n) be the second derivative of n**4/6 - 3*n**2 + 12*n. What is the units digit of s(6)?
6
Let f = -147 - -281. Let d = f + -53. What is the tens digit of d?
8
Suppose -3*q = l + 2*q + 17, -17 = l - q. Let j = l + 18. Let w(x) = 34*x**3 + x**2 + 2*x - 2. What is the tens digit of w(j)?
3
Suppose -12*w + 160 = -17*w. Let m = 39 - w. What is the units digit of m?
1
Suppose 3*x + 66 = -8*x. Let w(q) = -25*q + 60. What is the units digit of w(x)?
0
Suppose -7*i = 20*i - 36639. What is the thousands digit of i?
1
Let k(m) = 21*m**2 + 3*m + 14. What is the tens digit of k(-2)?
9
Suppose 2*y + 494 + 243 = w, 0 = -4*w + 4*y + 2968. What is the hundreds digit of w?
7
What is the units digit of (-755)/(12/120 - (-22)/(-20))?
5
Suppose 74*w - 6 = 72*w. Suppose w*c - 278 - 109 = 0. What is the units digit of c?
9
Let h(l) = -l. Let x be h(-6). Let j be 2/(-4)*x/(-3). Suppose -j = k + 5*y + 9, -3*y = -k + 14. What is the units digit of k?
5
Suppose -2*q = -4*q + q. Suppose q = -3*i + 5*r + 344, 0*i = i + r - 120. What is the hundreds digit of i?
1
What is the tens digit of (-60)/(-7)*(14 + 495 + 23)?
6
Let j = 9 + -22. Let m = j - -14. What is the units digit of m?
1
Suppose 4*l = l + 2*p + 624, 2*l = 4*p + 416. Suppose 0 = 5*t - 15, -l = -4*a + 7*t - 3*t. What is the units digit of a?
5
Let p(w) = -8*w - 85 + 173 + 3*w**2 + 3*w**2 - 85. What is the tens digit of p(5)?
1
Let r = -48 - -51. Suppose 40 = r*x - 47. What is the tens digit of x?
2
Let d(j) be the third derivative of -j**6/120 - 2*j**5/15 - 13*j**4/24 - 2*j**3 - 8*j**2. What is the tens digit of d(-8)?
9
What is the thousands digit of (7 - 3/(-3)) + (-11478)/(-3)?
3
Let k(j) = -j**2 - 7*j - 14. Let o(l) = 3*l**2 + 13*l + 28. Let i(m) = 5*k(m) + 2*o(m). Let a be i(10). Let f = a + 31. What is the units digit of f?
7
Let n be 28/(-10)*5/(-20)*10. Suppose -n*c = -4*c - 48. What is the units digit of c?
6
Suppose -5*u = -2*y + 1025, -4*y + 1954 = -2*u - 56. What is the tens digit of y?
0
Suppose -18 + 3 = -3*u - 5*z, -3*z = 3*u - 9. Suppose u = -3*t + 3 + 48. What is the units digit of t?
7
Let b be ((-15)/6)/((-2)/(-4)). What is the units digit of 1*(20/b - (-10 - -3))?
3
Let m(a) = 2*a**2 + 5*a - 1. Let x be m(7). Let v = x + -260. What is the tens digit of -1*(1*v)/4?
3
Let l = 482 - 129. What is the units digit of l?
3
Suppose 0 = -5*n - 25, 23*v - 19*v + 2*n = 2546. What is the tens digit of v?
3
Let q = 1962 - 1155. What is the tens digit of q?
0
Let r(n) = 35*n - 62. Let f be r(8). Suppose 5*z = 67 + f. What is the tens digit of z?
5
Suppose 0 = 4*y - 2*y. Suppose 3*n = -y*n + 24. Suppose 20 = 3*a + n. What is the units digit of a?
4
Let y(d) be the third derivative of 53*d**5/60 - d**4/24 + 7*d**2. Let t(m) = -m - 3. Let k be t(-4). What is the units digit of y(k)?
2
Let b(m) = 7*m**2 - 7*m - 11. Let x be b(5). Let r = 7 + x. What is the units digit of r?
6
Suppose 6*d - 11656 - 5000 = 0. What is the thousands digit of d?
2
Suppose 60*r = 55*r - 25. Let j(w) = -w + 3 - 2*w + 7 + 1. What is the units digit of j(r)?
6
Suppose l + 200 = 3*s - 3*l, -3*s + 208 = -2*l. Let f = 136 - s. What is the units digit of f?
4
Suppose -70 = n + 4*n. What is the units digit of (4/(n - -6))/((-2)/68)?
7
Suppose 0 = x - 6*x + 4*r + 51, -4*x - 3*r + 16 = 0. Suppose x*p - 33 = 65. What is the units digit of p?
4
Let l be ((-72)/16)/(3/28). Let k be (-3)/4 + l/8. Let y(u) = 2*u**2 + 3*u + 19. What is the units digit of y(k)?
3
What is the thousands digit of -20*4615/(-30) + (-3)/(-9)?
3
Suppose -z - 3*a = 13, -2*a = -2*z - 2 + 16. Let r be 3 + (1 - z) - -1. Suppose r*d + 5*g + 3 = 2, 2*d = -g + 4. What is the units digit of d?
3
Let j be -2 + 2 + 11 - 3. Let u = 31 + j. What is the units digit of u?
9
Let u = -388 - -10. What is the hundreds digit of 1213/9 - (-7)/(u/(-12))?
1
Let v be (-15)/6*(-4)/(-10). What is the tens digit of v*(2 + 17)*-2?
3
Let z(r) = -6*r - 6. Let q be z(12). Let a = q - -128. Suppose j = 3*w - 85, 3*j = -4*w + a + 59. What is the tens digit of w?
2
Let k(p) = p**2 + 2*p + 4. Let z be k(0). Suppose 0 = z*f, -3*f = -3*a + 238 - 46. What is the tens digit of a?
6
Suppose -2885 - 25347 = -8*v. What is the thousands digit of v?
3
Let v = -17 + 71. Let d = 82 - v. What is the tens digit of d?
2
Let x(g) = 11*g + 7. Let s be x(4). Suppose -4*p + s = 47. What is the units digit of p?
1
Let u(l) be the first derivative of 9*l**2/2 - 4*l + 9. Let v be u(1). Suppose 4*f = v*o + 249, 3*f - 2*o + 46 = 4*f. What is the units digit of f?
6
Let r be ((-56)/42)/(4/(-6)). Suppose -r*w + 65 = -69. What is the tens digit of w?
6
Let o be (-114)/(-7) + 22/(-77). Let g(r) = -o*r**3 - 1 + 3*r**2 + 2 + 2*r + r**2 - 2*r**2. What is the tens digit of g(-1)?
1
Let w(d) = 5 - d + 1 + 20*d**2 - 18*d**2. What is the units digit of w(5)?
1
Suppose -14365 = -5*t + c, -4*t + 21*c - 19*c + 11486 = 0. What is the tens digit of t?
7
Suppose 18*a + 7*a = 24800. What is the tens digit of a?
9
Suppose 0 = 4*q - 23714 + 2918. What is the units digit of q?
9
Suppose 4*w + 21*f - 2346 = 19*f, -3*w - 2*f = -1760. What is the units digit of w?
6
Suppose -2*f + 680 = 4*g, -5*f - 161 = -3*g + 323. What is the units digit of g?
8
Let v(n) = -29 + 4*n + 33 + 2*n**2 - n**2. Let o be v(-3). What is the units digit of 1 - (o - (6 + -1))?
5
Let u = 951 + 768. What is the tens digit of u?
1
Suppose -3*l = -9*l + 3210. Suppose 4*w - l = -w. What is the hundreds digit of w?
1
Suppose 147 - 25 = 3*j + 4*w, -3*j - 2*w = -124. What is the hundreds digit of (8 + 55/(-10))/(1/j)?
1
Suppose -16 = 4*o, -2*x - 4*o + 80 = 2*x. What is the tens digit of x?
2
Let n(c) = -4*c - 39. Let l be n(9). Let s = l - -222. What is the hundreds digit of s?
1
Let x(u) = -u**3 - 10*u**2 - 11*u - 4. Let n be x(-9). Let p be 8/n - (-664)/14. What is the units digit of p - (2/(-2) - -4)?
5
Let j = 17 - 9. Let m be ((-27)/(-12))/(6/j). Suppose m*g = -3*s + 57, -s - 5 = -g + 10. What is the units digit of g?
7
Let d be (-9)/6*-10 + -7 + 4. Suppose 13*f - 91 = d*f. What is the units digit of f?
1
Let j(h) be the first derivative of -5*h**2/2 - 3*h - 10. What is the units digit of j(-3)?
2
Let j(m) = -19*m**2 - 13*m - 2. Let s(y) = -19*y**2 - 15*y - 3. Let d(i) = -7*j(i) + 6*s(i). What is the tens digit of d(-2)?
7
Let g(w) = -w**3 + 35*w**2 + 8*w - 8. What is the hundreds digit of g(34)?
4
Suppose -3*g - 2*q + 72 = -5*g, -3*g - 108 = -5*q. Let y = g + 32. What is the units digit of (-2)/4*y + 15?
7
Let y = -743 + 1511. What is the tens digit of y?
6
Suppose -1 = 5*k - 11. Let n(q) = 4 + 10*q + 0*q**2 + 0 + q**k + 8. What is the units digit of n(-11)?
3
Let a(o) = -o**2 + 21*o + 8. Let p = 2 - -9. Let k be a(p). Suppose 14*u + k = 16*u. What is the units digit of u?
9
Let v(y) = -y**2 + 3*y - 2. Let l be v(3). Let w be (-2080)/(-36) + l/(-9). Let n = w + -12. What is the tens digit of n?
4
Let h = 1891 - 1527. What is the units digit of h?
4
What is the units digit of 2543 - 4/(-2*16/24)?
6
Let m = -202 - -336. Let r = 264 - m. What is the units digit of r?
0
What is the hundreds digit of 104/(-10)*(-3 - 596/8)?
8
Let z be (-3 - 2)*4/(-10). Suppose -4*u + 868 = l, u - z*u + 5*l + 217 = 0. What is the tens digit of u?
1
Suppose 0 = 4*u - v + 5*v - 4364, -3279 = -3*u - 5*v. What is the tens digit of u?
8
Suppose 0 = -4*a + i + 24, 9*a - 7*a = -4*i - 6. Suppose a*w = 2*b - 368 + 923, w + b = 118. What is the hundreds digit of w?
1
Let a = -9693 - -13683. What is the tens digit of a?
9
Let r = 93 - 182. What is the tens digit of (30/12 - 2)*(1 - r)?
4
Suppose 0 = -6*o 